= g(s) + 2*v(s). Let n be r(4). Determine c(n).
4
Let g be 0/(1 - -2)*1. Let v(s) be the second derivative of 0 + 0*s**3 + 1/12*s**4 - 1/20*s**5 + 5/2*s**2 + 14*s. Determine v(g).
5
Suppose -164 = 3*j - 155. Let i(k) be the first derivative of k**3/3 - k**2 - 2*k + 6. Give i(j).
13
Let t(x) = -12*x + 26. Let z(w) be the third derivative of 0*w + 3/2*w**3 + 0 - 1/6*w**4 + 5*w**2. Let s(h) = 6*t(h) - 17*z(h). Determine s(3).
-9
Let r(y) = 11*y - 1. Let j be 3 + 22/(-6) + (-2)/6. Determine r(j).
-12
Let g(o) = o**3 - 6*o**2 - 7*o - 10. Suppose 2*x = 3*r, 5*x = -6*r + 2*r + 23. Let a = 4 + x. Determine g(a).
-10
Let m(j) be the second derivative of -j**5/20 - 3*j**4/4 + 4*j**3/3 - 12*j**2 + 134*j + 1. Calculate m(-10).
-4
Let q be (3 + -1 + 40/(-15))*-3. Let a(n) = n + 1. What is a(q)?
3
Let l(z) = -z**3 - 5*z**2 - 4*z. Suppose -4*m + 4 + 8 = 0. Suppose -5*h + m = -6*h. Give l(h).
-6
Let d(u) be the third derivative of 1/6*u**3 + 15*u**2 + 7/24*u**4 + 0 + 0*u. Suppose 1 = 5*b - 0*b - v, 3*v - 12 = 0. Calculate d(b).
8
Let p = 14 + -21. Let t be ((-4)/p)/((-46)/(-161)). Let s(v) = 3*v + 1. Give s(t).
7
Let d(o) be the first derivative of -o**2 + 1. Suppose 0 = 4*b - 0*b - 5*r - 124, 0 = -5*b + 3*r + 142. Suppose 0 = -6*q - b + 8. Give d(q).
6
Let t = -63 - -65. Let g be (3/2)/((-1)/t) + 3. Let r(c) = c + 24. Give r(g).
24
Let m(i) = -i**2 + 374*i - 10 + 366*i - 746*i. What is m(-6)?
-10
Let n(t) = t**3 + 5*t**2 - 8*t - 5. Suppose -3*c = 3*c - 96. Suppose 4*o + c = -8. Let l = 0 + o. Determine n(l).
7
Let r(k) be the first derivative of -k**3/3 - 15*k**2/2 + 6*k - 377. What is r(-14)?
20
Let u be (-16)/(-2)*6/12. Suppose 15 = -h + u*h. Suppose 0 = -0*t + t - h. Let k(l) = -l + 3. Give k(t).
-2
Let y(q) = 3*q**3 - 2*q**2 - q + 2. Let w = 811 + -809. Calculate y(w).
16
Let g(s) = -s**2 + s - 22. Let r(w) = 2*w**2 + 19*w + 35. Let v be r(-7). Give g(v).
-22
Let t(c) = -7*c**2 - 2*c + 3. Let w(i) be the third derivative of -i**5/20 - i**4/24 + i**3/6 - 2*i**2. Let f(b) = -2*t(b) + 5*w(b). Determine f(-2).
-3
Let g(a) = 61*a - 433. Let q be g(7). Let r(v) = -v**2 - 6*v - 9. What is r(q)?
-9
Let p be (8/(-18))/((-3)/27). Let v(n) = n**3 - 3*n**2 - n - 2. Give v(p).
10
Let a(w) be the second derivative of w**3/3 + 23*w**2/2 + 12*w. Let b be a(-11). Let c(t) = 8*t + 9. Let x(r) = -r - 1. Let p(v) = -4*c(v) - 36*x(v). Give p(b).
4
Suppose 2*v - 15 + 1 = 0. Let r(c) = -5*c**3 - 4*c**2 - 8*c - 11. Let p(s) = 3*s**3 - s**2 + s + 1. Let x(o) = -2*p(o) - r(o). Calculate x(v).
2
Let r = 59 + -57. Let t(w) = -w**r + 3*w - 6*w + w - 4*w - 5. Suppose 4*g = 12, -3*y - 5 = 5*g - 2. Calculate t(y).
-5
Let p(i) be the third derivative of -i**4/24 - i**3/2 - 2*i**2 + 148*i. Determine p(8).
-11
Let u(f) be the second derivative of f**4/12 + f**3/2 + f**2/2 + 52*f. Determine u(3).
19
Let j be 0 + -1 + 3 + 1. Suppose j*n = -2*n. Suppose n = -12*a + 9*a - 12. Let h(p) = -p - 3. Determine h(a).
1
Suppose -5*k + 12 - 2 = 5*m, 3*m + 2 = -k. Let j(s) = -2*s**3 - 3*s**2 - 2*s - 1. Give j(m).
7
Let y(q) = 2*q - 3 + q + q**2 + 2*q. Let d(u) = u**3 - 7*u**2 + 3*u + 13. Let j be d(6). Give y(j).
-3
Suppose -u = 2*t - 6*u + 6, -14 = -4*t - 3*u. Let z(q) = 2 - 2*q - 1 + t. Determine z(-6).
15
Suppose -47*z = -42*z. Let m(q) = 0*q + q**2 + q + 3 + 10. Give m(z).
13
Let q be (-1 + 2)/(0 + 1). Let i be q*0*(-5)/20. Let w(b) = b + 10. Give w(i).
10
Let c(h) = -4*h + 2. Let w(v) = -7*v**3 - 2*v + 3. Let k be w(1). Let n(b) = -7*b + 4. Let i(d) = k*n(d) + 11*c(d). Determine i(-3).
4
Let w(y) = -y**2 - 9*y - 7. Let z(x) = -x**3 - x**2 - 4*x - 6. Let b be z(-2). Let g be -1 + 1 - (3 + -1 + b). What is w(g)?
1
Let v(z) be the third derivative of -z**4/24 - 3*z**3/2 + 2*z**2 + 5. Calculate v(9).
-18
Suppose 1 - 5 = -2*q. Let k(t) = -5*t**3 + 6*t**3 + 0*t**3 - 2 - 2*t**3. Calculate k(q).
-10
Let q(k) = k**3 + k**2 + 11. Let p = 650 - 650. Give q(p).
11
Suppose -3*d = -p + 7, 0 = 3*d - d - 3*p + 14. Let k = d + 0. Let l(f) = -9*f**2 - f. Give l(k).
-8
Let x(j) = j**2 - 25*j + 111. Let n be x(6). Let i(g) = -22*g - 22. Let b(o) = -2*o - 2. Let u(w) = -68*b(w) + 6*i(w). Calculate u(n).
-8
Let h(q) be the second derivative of q**4/3 + q**3/2 + 4*q**2 + q. Let l(u) = -3*u**2 - 2*u - 5. Let k(j) = 5*h(j) + 8*l(j). Let c = 1 + 0. Determine k(c).
-5
Suppose 5*f - 14*f = 27. Let q(d) = d - 4. What is q(f)?
-7
Let g be (-9)/(-2)*(13 + -7). Let m = -6 + g. Suppose -3*v - 5*t = -5*v - m, 3*v = 3*t - 9. Let q(b) = b**3 - b**2 - b. Give q(v).
2
Let m(s) = -s**2 - s - 4. Suppose 5*f = 105 - 95. Suppose -f*v = -4*a, -2*v - 2*v - 3*a = 0. Determine m(v).
-4
Suppose 0*n + 3*n - 21 = 0. Let s(h) = -h + n - 2*h - 9 + 2*h. Determine s(6).
-8
Suppose w - 5 = 5*j - 28, w = j - 3. Let y(o) = -3*o - 2*o**2 - w*o + 2*o. Give y(-3).
-9
Let m = -13 + 17. Let h(g) = -m*g - 4*g**3 + 0 + 3*g**3 + g**2 + 3 + 2*g. Let a = 6 - 4. Give h(a).
-5
Suppose -45*b + 47*b = 14. Let c(g) = -g**2 + 7*g + 10. Calculate c(b).
10
Let u(y) = -y**3 - 3*y**2 - 12*y + 8. Let a(g) = g**3 + 3*g**2 + 10*g - 7. Let h(b) = -6*a(b) - 5*u(b). What is h(-2)?
-2
Let l(y) be the third derivative of y**5/60 + y**4/4 - 7*y**3/6 + 2442*y**2. Suppose -11 - 21 = 4*f. Calculate l(f).
9
Let d(p) = 148 - 146 + 7*p - 4*p - 3*p + p. Give d(6).
8
Suppose 2*s = -q - 8, 3*s + 5 = -0*q + 2*q. Suppose 2*n + 2*l = 0, l - 4 = -4*n + 8. Let t(y) = n*y**2 - y**2 - 2 - 5*y**2. Give t(q).
-10
Let k(h) = -h**2 + 8*h - 7. Suppose 0 = 3*s - 6*s - 2*z + 49, -z = 1. Let m = s - 12. Give k(m).
8
Let n = -48 - -48. Let a(c) = c**3 - 3*c**2 + 4*c + 1. Let o(x) = -x**2 + x + 1. Let q(z) = a(z) - 4*o(z). Determine q(n).
-3
Let n be (-17)/1*(-53)/(-53). Let j(t) = -t**3 - 18*t**2 - 18*t - 19. Give j(n).
-2
Let g(t) = -2*t**2 - 14*t - 9. Suppose 23*m + 305 - 167 = 0. What is g(m)?
3
Let u(d) = -12*d + 10*d - d. What is u(1)?
-3
Let x(p) = -p**2 - 9*p - 10. Let b(g) = -3*g**2 - 26*g - 27. Let n(h) = -4*b(h) + 11*x(h). Suppose 2*y + y = 12. Let l be 1/4 + (-21)/y. Give n(l).
-2
Let s be 0 + 3 + -2*4. Let d(n) = -1 + 0*n**3 - 4*n**2 - n**3 - n + 3*n + 3*n. Calculate d(s).
-1
Let z(w) = -2*w + 4. Suppose 0 = 30*v - 9*v + 63. What is z(v)?
10
Suppose 0 = 4*h - 8*h - 5*c + 26, h - 2*c = 0. Let w(v) = v**3 - 5*v**2 + 3*v - 6. Give w(h).
-10
Let x(k) be the third derivative of k**6/720 + k**5/30 - 7*k**4/24 - 14*k**2. Let h(q) be the second derivative of x(q). What is h(-7)?
-3
Let d be (4 + -5)*(5 - 6)*-1. Let f(y) = 9*y + 1. Determine f(d).
-8
Let s be ((-6)/(-4))/(3*5/(-30)). Let a be (-18)/15*5/(-2). Let z(j) = -4 + 11 - 5 + a*j. Give z(s).
-7
Let t(a) = 3*a + 1. Let d be t(3). Suppose -5*p = 2*k - d, -4*k = -0*k + 5*p. Let b(y) = -y**2 - 2*y + 7. Calculate b(k).
-8
Suppose 0 = i - 0 + 16. Let s(q) = -5*q - 76. Let c be s(i). Let v(j) = -j**3 + 3*j**2 + 3*j - 2. Give v(c).
-6
Let z(o) = o**2 + 8*o - 16. Suppose 2*t - 5*b + 43 = 0, t - 3 = 2*b - 22. Give z(t).
-7
Suppose 59*c = 61*c - 4. Let g(v) = 4*v**3 - 13*v**3 + 6*v**3 - 2*v + 1 - c*v**3. Suppose -4*q + 2*n + 2 = 0, -3*q = 4*n - 2 - 5. Determine g(q).
-6
Let f(l) = -3*l + 10 - 3*l**2 + 3*l**2 - 5*l**2 + 4*l**2. Determine f(-5).
0
Let t = -55 + 31. Let x = t + 26. Let a(f) = 2 - 3*f - 2*f + 2*f + f - 4*f**2 - x*f**3. Give a(-2).
6
Let m(q) = 61 + 57 - q - q**2 + 7*q - 171 + 56. What is m(6)?
3
Let d(w) = -6*w**2 + 17*w - 1. Let z(c) = -5*c**2 + 15*c - 3. Let v(r) = 4*d(r) - 5*z(r). What is v(9)?
29
Suppose l + 5 = -0*l - 3*s, -2*l = 5*s + 9. Let b(i) = 5*i**3 + 2*i**2 + 3*i. Give b(l).
-38
Let n = -46 + 40. Let d(j) = 5*j**2 + 5*j - 4. Let b(o) = 9*o**2 + 10*o - 7. Let s(h) = -4*b(h) + 7*d(h). What is s(n)?
-6
Let b(q) = -3*q - 3*q - 4*q - 5*q + q**2 - 15 + 3*q. What is b(14)?
13
Let f(j) = 3*j**3 + 5*j**2 + 2*j. Let d(c) = 8*c**3 + 12*c**2 + 5*c. Let k(q) = 2*d(q) - 5*f(q). Let p(n) = 2*n**2 + 2*n - 1. Let a be p(1). Calculate k(a).
18
Suppose 3 = m + 1. Let j(c) = m + 13*c + 17*c - 27*c. Let k be j(-1). Let i(h) = -21*h - 1. Calculate i(k).
20
Let t(k) = -k**3 - 18*k**2 - 18*k - 20. Let m = -51 - -34. Let r be t(m). Let u(g) = -g + 3. Determine u(r).
6
Suppose -533*i + 121 = -544*i. Let z(o) = -o**3 - 12*o**2 - 11*o - 7. Give z(i).
-7
Let y(t) = t**3 + 4*t**2 - 5*t - 4. Let k be (-2)/3 + (-384)/(-9). Let a = 38 - k. What is y(a)?
16
